(-1056)/156. Let k(m) = -3*m**2 - 21*m + 8. What is k(c)?
8
Let d(i) = i**2 + 480 - 152 + 7*i - 165 - 157. What is d(-8)?
14
Let n = 801 - 795. Let b(c) = 220 + 6*c - 218 + 4*c - 5*c - c**2. Determine b(n).
-4
Let n(c) = 4*c**3 - c**2 + 4*c + 9. Let r(a) = -6 + 6 - a**2 + 3*a + 4 + 3*a**3 + 4. Let z(s) = 4*n(s) - 5*r(s). Suppose 0*b = -3*b. What is z(b)?
-4
Suppose 0 = 4*t - 9*t - 4*y - 379, 4*t + 2*y = -302. Let p(z) = z**3 + z**2 + z + 72. Let n be p(0). Let s = t + n. Let v(i) = i + 2. Give v(s).
-1
Let l(x) = 11*x**3 - 14*x**2 - 21. Let n(k) = 8*k**3 - 10*k**2 - 14. Let z(i) = -5*l(i) + 7*n(i). Determine z(5).
132
Let g be -42 - (-8 + 0 + 4). Let b = 37 + g. Let q(j) = j - 9*j**3 + j**3 + 0*j**2 + 2*j**2. What is q(b)?
9
Let x(i) = -1 - i**2 - 374*i - 389*i + 0*i**2 + 765*i. Determine x(-12).
-169
Let q be 2 + 4 - (-3)/(3/(-4)). Suppose -4 = j, 2*h = -0*h - q*j + 10. Let s(r) = -h*r - r + 2*r + 6*r. Determine s(4).
-8
Let m(z) = 54*z + 2. Let r(q) = 124*q + 1363. Let b be r(-11). Give m(b).
-52
Let f(k) be the third derivative of k**5/30 - k**4/3 - 6*k**3 - 14*k**2. Give f(-3).
6
Let u(s) = s**3 - 2*s**2 - 3*s + 3. Suppose 4*f = -2*h + 2, 3*h + 0*f - 7 = -2*f. Let r be h + -9 - (-7 - 2). Give u(r).
3
Let r(y) = 44 + 19*y**2 + 12*y**2 - 63*y**2 + 34*y**2 - 18*y. Determine r(4).
4
Let k(y) be the first derivative of -y**3/3 - 2*y**2 + 18*y + 58. Determine k(-9).
-27
Let m(a) = a**3 - 36*a**2 + 2*a - 79. Suppose -316 - 342 + 118 = -15*n. Give m(n).
-7
Let f(k) = k**3 + k**2 + 6*k + 4. Suppose -54 + 19 = 14*p + 35. Calculate f(p).
-126
Let h(j) = j - 14. Let l(s) = s**3 - 3*s**2 - 7*s + 41. Let y(v) = 3*h(v) + l(v). Let z = -6 + 6. Suppose z = 4*u - p - 9, 0 = -u - 4*p - 0*p + 15. Give y(u).
-13
Let s = 65 + -35. Let r = -26 + s. Let o be -1 + (r - 5) + 5. Let m(l) = l**2 - l. What is m(o)?
6
Let j(n) = -n**3 + 4*n**2 + 3*n - 2. Let u be j(3). Let l be (-1 - -1) + u + -14. Let i(a) = 3*a + 3*a + 4 - 11*a + 4*a**l - 3*a**2. Calculate i(4).
0
Let d(o) be the first derivative of o**3/3 + 5*o**2 + 20*o - 6273. Give d(-7).
-1
Let f(v) = -22*v - 3*v**3 + 27470895*v**2 - 27470871*v**2 - 20 + 2*v**3. Determine f(23).
3
Let a(c) = -c**3 - 8*c**2 + 24*c + 37. Let w = 22851 + -22861. Determine a(w).
-3
Let v(u) = 125*u**3 + 8*u**2 - 17*u - 51. Let y(m) = -132*m**3 - 9*m**2 + 18*m + 53. Let w(f) = 19*v(f) + 18*y(f). Determine w(-10).
-25
Let t(a) = 9*a**2 - 35*a - 16. Let l(u) be the first derivative of 5*u**3/3 - 19*u**2/2 - 8*u + 223. Let s(g) = 7*l(g) - 4*t(g). Calculate s(6).
14
Let a(c) = -c**2 - c - 4. Let d(f) = -16*f**2 - 14*f - 59. Let x(q) = -31*a(q) + 2*d(q). Let l(r) = r + 18. Let t be l(-14). Determine x(t).
2
Let r be (0 - 0)/(1/1). Let u be (-14)/(-91) + (r - 74/(-26)). Let b(l) = 3*l - l**3 - 4*l + 6*l**2 - 1 - 4*l**2. What is b(u)?
-13
Let i(x) = -2*x + 4. Let g be -1 + (-177)/(-6) + (-6)/4. Suppose g*c - 3*c + 96 = 0. Give i(c).
12
Let z = 939 + -936. Let j(r) = -3*r**3 - r**2 - 2*r + 2. Calculate j(z).
-94
Let y(s) = 39*s**3 + 147*s**2 + 16*s + 231. Let t(o) = -5*o**3 - 19*o**2 - 2*o - 29. Let v(r) = -47*t(r) - 6*y(r). Determine v(-11).
-1
Let b(m) = 5*m**3 + m**2. Let g(k) = 5*k - 33. Let z be g(8). Suppose -8*n - z*n + 15 = 0. Calculate b(n).
6
Let c be 74*(-1)/(-6)*-3 + 0. Let l = c - -38. Let o(v) = v**2 + v. Let g(q) = -q**3 - 3*q**2 - 3*q - 1. Let t(w) = -g(w) - 3*o(w). Give t(l).
2
Let r(f) = -16*f**2 - 7*f - 16. Let v(b) = b**3 - 36*b**2 + 33*b + 69. Let m be v(35). Let z(x) = -3*x**2. Let n(d) = m*r(d) + 5*z(d). Determine n(-5).
6
Let z(f) = -7*f + 183. Let k(l) = 2*l - 95. Let y(u) = 5*k(u) + 2*z(u). Give y(-26).
-5
Let u(v) = 8*v + 27 - 7*v + 20*v - 22*v. Calculate u(33).
-6
Let w(l) = -l**3 - 58*l**2 - 38*l + 6. Let b(z) = z**3 + 52*z**2 + 36*z - 8. Let g(s) = 5*b(s) + 4*w(s). Give g(-27).
-43
Let n(m) = 3*m**2 - 8*m + 7. Let f(s) = -4*s**2 + 9*s - 8. Let y(p) = 2*f(p) + 3*n(p). Suppose -5*q = -4*v - 17, 7*q = 3*q - 5*v + 30. Calculate y(q).
0
Let h(y) = y**2 - 8*y + 6. Let v be (-4)/5 - (-174)/30. Suppose -5*x = 2*u + 277, -v*u = x + 39 - 2. Let i = x - -64. What is h(i)?
-1
Let v = -135 + 145. Suppose 6*f - 4*d + 4 = v*f, 0 = 4*d - 12. Let o(m) = 3*m - 1. Calculate o(f).
-7
Let h(i) = -14*i + 81. Let w(t) = -8*t + 40. Let l(d) = -8*h(d) + 15*w(d). Give l(-10).
32
Let k(p) = 6*p**3 - 413*p**2 + 412*p**2 + 3*p**3 - 4*p**3 - 4*p**3 - 34. Calculate k(0).
-34
Let w(u) = -4*u + 0 - 1 - 5*u + 6. Suppose 496*z - 1 = c + 491*z, -c = -4*z. What is w(c)?
-31
Let k(a) = -21*a + 1. Suppose 5*q + 3*h + 1076 = 7*h, -3*q = 4*h + 652. Let i = -215 - q. Determine k(i).
-20
Let t(y) be the third derivative of y - 1/12*y**4 + 0 + 1/6*y**3 + 16*y**2 + 1/5*y**5. Let n be (2/(-3))/((-4)/6). Give t(n).
11
Let i(d) = 9*d**3 - d. Let j(l) = -37*l**3 - 6*l**2 + 5*l + 17. Let s(z) = 4*i(z) + j(z). Give s(-6).
11
Let t be -1 - (0 + (-2)/2). Let w(i) = t + 3 + i + 0. Let p = -10202 - -10208. Determine w(p).
9
Suppose -28 = -31*t + 3. Let u(o) = 1 - 90*o**3 + 0 - t + 88*o**3. What is u(1)?
-2
Let f = 38745 - 38722. Let o(u) be the first derivative of 2/3*u**3 - f + 3*u**2 - u - 1/4*u**4. Determine o(4).
-9
Let w(b) = -b**3 + 90*b**2 - 346*b + 4. Let r be w(4). Let o(s) = -3*s**2 - 4*s + 28. Determine o(r).
-4
Let l(w) = -995*w - 40 - 976*w - 995*w - 991*w + 3975*w. Calculate l(8).
104
Suppose 68*r - 1365 = 55*r. Let w = 99 - r. Let x(q) = q**3 + 8*q**2 + 12*q + 4. What is x(w)?
4
Let x(k) be the third derivative of -5 + 0*k + 5/6*k**3 + 1/12*k**4 - 7*k**2. Calculate x(6).
17
Suppose -6*u = -3*u. Let m(i) be the first derivative of 3*i**2/2 - 25*i - 156. Let z(g) = -5*g + 27. Let h(d) = -3*m(d) - 2*z(d). Give h(u).
21
Let o(a) be the second derivative of -2*a**4/3 + 3*a**3/2 + 20*a**2 + a - 2206. Determine o(-3).
-59
Let y(v) = -272*v - 22. Let k(o) = 149*o + 11. Let w(g) = 11*k(g) + 6*y(g). Give w(12).
73
Let n(z) = 10*z. Let r(v) = -v**3 - 2*v**2 + 6*v - 5. Let a be r(1). Let f be (31 - 35)*a/8. Calculate n(f).
10
Let b(m) = 2*m**2 + 7*m - 8. Let u(h) = -3*h**2 - 5*h + 6. Let d(s) = 3*b(s) + 4*u(s). Let n be 1/(4/(3 + -7)). Give d(n).
-7
Let k = 79 - 66. Suppose -k + 16 = -4*x - 3*h, 0 = -4*x + 3*h - 21. Let w(i) = i**3 + 5*i**2 + i + 3. Determine w(x).
18
Let c(z) = -90*z - 453. Suppose -9110*u + 86 + 159 = -9159*u. Determine c(u).
-3
Let m(x) = -x**2 - 90*x - x**2 - 98*x + 338*x + 18 - 121*x. Determine m(16).
-30
Let l(p) = 2 + 6*p - 3 - 1 - p**2. Let b = -1023679 + 1023683. Determine l(b).
6
Suppose 5*u - 4*u + 2*k = -8, 4*u + 2*k = -8. Suppose -92 = -6*o - 356. Let s be (-6 - u - -2)*11/o. Let t(w) = 6*w**2 + 2*w - 1. Determine t(s).
7
Let b(g) = 5*g**3 + 4*g**2 + 7*g + 1. Let i(u) = 22*u**3 + 14*u**2 + 29*u + 5. Let m(o) = -9*b(o) + 2*i(o). Calculate m(-8).
41
Let v(s) = -s**2 + 9*s + 9. Let h = 508 - 284. Let d = -214 + h. Calculate v(d).
-1
Suppose -3*p + 706 = -42*p - 503. Let g(r) = 5*r + 160. Determine g(p).
5
Let w(p) = p**3 + 9*p**2 + 7*p + 13. Let o be (43 - 40)/(9/(-24)). Give w(o).
21
Let r(s) = -32*s + 3. Let v(p) = 92*p - 9. Let g(b) = -7*r(b) - 2*v(b). Determine g(2).
77
Let m(w) be the second derivative of 1 - 1/12*w**4 - 19*w + 7/6*w**3 + 9/2*w**2. Determine m(9).
-9
Let p = -317 + 320. Let n(r) = -12*r**2 + 2*r**2 + 4 - p - 3. What is n(2)?
-42
Let p(t) = t - 1. Suppose -3*m = 70 - 310. Suppose -163 = 4*i - 123. Let q be m/25 + 4 - (-2)/i. What is p(q)?
6
Let l(c) be the first derivative of c**4/4 + 5*c**3/3 - c**2 - 6*c - 1. Suppose -4*p - 7*m = -8*m - 1176, -4*p + 1176 = 5*m. Let n = 289 - p. Give l(n).
4
Let v(c) = 10*c**3 - 5*c + 36. Let r(m) = -m**3 - 4*m**2 - m - 32. Let i(o) = r(o) + v(o). Determine i(-2).
-72
Let k = -124 + 122. Let a(o) = -o + 2. Let i(h) = -h**3 - 4*h + 7. Let q(c) = k*i(c) + 7*a(c). Let x(u) = -u**2 + 15*u - 13. Let v be x(14). Determine q(v).
3
Let q(v) = 5*v**2 - 21*v + 15. Let g = 1153 - 1156. Let b(s) = -2*s**2 + 7*s - 5. Let k be (-4)/3*(-30)/(-5). Let j(l) = g*q(l) + k*b(l). What is j(-7)?
-5
Let o(h) = h + 92 + 87 - 179 + 2*h**2. Suppose 13*m - 11*m - 9 = -5*i, 1 = -i + m. What is o(i)?
3
Suppose 5*z - h - 1916 = 0, h - 1531 = 6*z - 10*z. Let v = z - 377. Let g(l) = l**3 - 6*l**2 + l - 3. What is g(v)?
3
Suppose 4*r + 36 = -2*c, -5*r + 1554 - 1521 = -4*c. Let l(t) = 2*t**3 + 25*t**2 - 5*t - 2